2 = f + 5*w - 3. Let a(z) = z**3 + 9*z**2 - 10*z + 3. What is a(f)?
3
Let p(m) = 3*m - 4. Let a(f) = -f**2 + 2*f + 1. Let o be (-6)/(-15) + 54/(-10). Let q be a(o). Let u be q/(-8) + 2/(-8). Determine p(u).
8
Let h = -2 + 5. Let u(c) = -c + 5 - 7 + 0 + 5*c. Give u(h).
10
Let a(c) = -c**2 + 3*c - 1. Suppose -4*v + 13 = 4*m - 7, 4*m = 5*v + 11. Give a(v).
1
Let s(c) = -c**2 + 7*c - 5. Let n be s(4). Suppose 9 = 4*p - n. Suppose l - 1 = 1, -2*d - 2 = -p*l. Let z(r) = -2*r + 3. Calculate z(d).
-3
Suppose -2*y + 0*y + y = 0. Let k(x) be the third derivative of 0*x + y*x**4 + 1/3*x**3 + x**2 + 1/120*x**6 + 0 - 1/20*x**5. Calculate k(2).
-2
Let l(v) = -v + 3. Let u(d) = -d + 3. Let w(c) = 6*l(c) - 5*u(c). Determine w(6).
-3
Let y be (-51)/(-4) + (-3)/4. Suppose 0 = 4*h - j + y, 0 = -5*h - 4*j - 4 - 11. Let t(p) = -p**3 - 2*p**2 + 4*p. Give t(h).
-3
Let o(r) = -10*r**2 + 3*r + 4. Let c(j) = 3*j**2 - j - 1. Let y(z) = -7*c(z) - 2*o(z). Suppose 0 = -7*m + 12*m - 5. What is y(m)?
-1
Let s be -2 + 3*16/12. Let l(m) be the second derivative of -5*m**3/6 - m**2/2 - 4*m. What is l(s)?
-11
Let v(c) = -4*c + 2. Let d(k) = -k + 11. Let p be d(11). Suppose 2*i + p - 4 = 0. Calculate v(i).
-6
Let d(h) = -14*h**2 + 8*h + 6. Let u be (2 - -3)*(-12)/15. Let r(g) = -5*g**2 + 3*g + 2. Let x(b) = u*d(b) + 11*r(b). What is x(0)?
-2
Let o(u) = -5*u - 8. Let p(r) = 9*r + 17. Suppose -2*t - 5*t = 77. Let w(s) = t*o(s) - 6*p(s). What is w(0)?
-14
Let n(y) = -3*y - 4. Let v(w) = -7*w - 7. Let b(t) = t**3 + t - 2. Let h be b(0). Let x(k) = h*v(k) + 5*n(k). Let m be x(-6). Let c(g) = g - 3. What is c(m)?
-3
Let a = -2 - -4. Suppose -3*s + 3*y + a*y - 19 = 0, 2*y - 10 = 0. Let g(d) = -6*d + 5. Let r(m) = -7*m + 6. Let l(k) = -5*g(k) + 4*r(k). Calculate l(s).
3
Let f(c) = 2*c**3 - 2*c**2 + 3*c + 7. Let b(k) = k**3 - 2*k**2 + 3*k + 6. Let h(m) = 4*b(m) - 3*f(m). Calculate h(-2).
5
Let j(v) = -3*v + 1. Let r be (-4 + 3 + 0)/(-1). Calculate j(r).
-2
Suppose 6*h - 5*h = 29. Let m = h + -24. Let r(f) = -f**2 + 7*f - 5. Determine r(m).
5
Let n(k) = -k**2 + 7*k + 4. Let a be n(7). Suppose 0 = -a*x - 16, 0*q - 3*q - 4*x - 10 = 0. Let f(i) = 3 + q*i + 0 - 2. What is f(2)?
5
Let q(z) = z**3 + 6*z**2 + 3*z - 5. Let w be q(-5). Let g(u) = -u**2 + 2*u + 6. What is g(w)?
-9
Let f(d) be the first derivative of -2 + 0*d + 1/24*d**4 - 1/2*d**2 + 1/6*d**3. Let j(c) be the second derivative of f(c). Give j(-1).
0
Let x(g) = -g + 1. Let k be x(-2). Let f(c) = -c - k*c - 2 + 0*c + 5. Give f(2).
-5
Let m(n) = -3 - 8*n**2 - 5*n + 0 + 6*n**2. Suppose -5*w = 3*f + f + 35, -f = -w + 2. What is m(w)?
-6
Let x(i) = i**2 + 5*i - 3. Let h(n) = -n**2 - 5*n + 4. Let u(y) = -3*h(y) - 2*x(y). Calculate u(-6).
0
Let v = -3/13 - -31/78. Let a(d) be the third derivative of 0*d - 7/24*d**4 + v*d**3 + 0 + 3*d**2. Calculate a(-1).
8
Let m(v) = -v**2 - 7*v - 1. Let c = 143 - 149. What is m(c)?
5
Let r(p) = -p**2 + 3*p + 2. Let s(b) = -b**3 - 3*b**2 - 2*b - 2. Suppose -4*x = -4*z + 20, x + 4*z = 6*z - 7. Let l be s(x). Let u be 0/1 + 1*l. Calculate r(u).
-2
Let n(j) = -14*j - 35. Let d(a) = 13*a + 19. Let h(x) = -38*x - 58. Let o(l) = 11*d(l) + 4*h(l). Let y(t) = -5*n(t) + 8*o(t). What is y(-6)?
3
Let u(m) = -m**2 + 4*m - 6. Let r(c) = 5*c**2 - c + 2. Let p be -3 + 7/(14/8). Let o be r(p). Determine u(o).
-18
Let i(f) = -2 + 7 - f**2 - 35*f + 39*f + 1. Determine i(7).
-15
Let q(w) = -w**2 - 6*w + 8. Let a(l) = -l**2 - 8*l - 6. Let f be a(-8). Determine q(f).
8
Let k(g) = g**3 + 4*g**2 - 4*g + 2. Suppose 0 = -4*a + 7 + 5. Suppose 12 = -a*x - 0*x. Let c be ((-20)/16)/((-1)/x). Calculate k(c).
-3
Suppose -2*c = 5*q - 3*c - 39, -2*q - 3*c + 19 = 0. Let a(o) = o - 5. Let t be a(q). Suppose l = -t*l - 12. Let z(u) = -u**2 - 2*u - 4. Give z(l).
-7
Suppose 2*r + 2*o = 30, 0 = 3*r - 5*o - 17 - 12. Let b(l) = 5*l + 5. Let j(k) = -11*k - 11. Let m(u) = r*b(u) + 6*j(u). Let q be (3 - 2) + 0 + -2. Give m(q).
0
Let q(v) = v**3 - 16*v**2 + 16*v - 13. Let o be q(15). Let u(n) = -n - 2. Calculate u(o).
-4
Suppose 0 = f - 3. Let i(n) = -3 + 3 - 2*n. Let d(b) = 5*b - 1. Let m(j) = 3*d(j) + 8*i(j). Give m(f).
-6
Let t(c) = c**3 + 8*c**2 + 12*c + 8. Let v be t(-6). Let l(f) = -f**3 + 8*f**2 - f - 4. Calculate l(v).
-12
Let y = -3 + 0. Let x(k) = k**2 + 1. What is x(y)?
10
Let w = 11 - 8. Let a(c) = 3*c**3 - 3*c**3 + 0*c**2 + c + c**w - 4 - c**2. Let t = 8 - 8. Determine a(t).
-4
Let p = -14 + 19. Let f(z) = -1 - z**3 + 2*z**2 + p*z - z + 1. Calculate f(3).
3
Let d be 24/(-32) + 17/(-4). Let x(z) = z**2 + 2*z + 5. What is x(d)?
20
Let a(k) = k**2 + 5*k - 7. Suppose -4*d = -4*t - 24, 8 = -2*t - d - d. What is a(t)?
-7
Let y(m) = 3*m**3 + m**2 + m. Let r be (-2 - 4/8*-2)*1. Determine y(r).
-3
Let u(l) = l**3 - l**2 - 4*l + 3. Let v be u(3). Let n be 2*v/(-6) + 6. Let z(t) = -5*t + 6*t - n*t. Determine z(5).
-10
Let b(o) = o + 9. Let f be b(-5). Let p(z) = -6 + 3*z + 552*z**2 - 557*z**2 + z**3 + 0*z. Determine p(f).
-10
Let f(n) = 8*n**3 + 2*n**2 + n. Suppose -5*w + 3 + 2 = 0. Suppose 4*m - 4*h - 5 = 11, -3*m - 2*h - 8 = 0. Suppose b = -m*b - w. Calculate f(b).
-7
Let n(x) = -3*x**2 + 5*x - 10. Let v(i) = 5*i**2 - 10*i + 19. Let y(d) = -7*n(d) - 4*v(d). What is y(-5)?
-6
Let j(m) be the third derivative of -m**5/60 + 5*m**4/12 - 7*m**3/6 + 16*m**2. Give j(9).
2
Suppose -18 = -5*u + 7. Let v(x) be the first derivative of -2*x + 4*x - x**2 + 0*x**2 + 1. Give v(u).
-8
Let r(m) = m**2 - 5*m - 7. Let y(w) be the second derivative of w**3/6 - 2*w. Let z be y(0). Suppose -p - 3*p + 20 = z. Calculate r(p).
-7
Let j be 6/15 - 6/(-10). Let l(k) = -k**2 - 2*k + 1. Determine l(j).
-2
Let k(r) = r - 1. Let z(i) = 2*i + 16 + 5*i - 6*i. Let p be z(-12). Determine k(p).
3
Let i = -141 - -138. Let p(b) = b**3 + 2*b**2 - 4*b. Give p(i).
3
Let o(z) = z**3 - z - 1. Let j(g) = 5*g**2 + 4*g + 2. Let k(m) = -6*m**2 - 5*m - 2. Let q(b) = -5*j(b) - 4*k(b). Let x be q(0). Determine o(x).
-7
Let n(a) = 3*a - 2. Suppose j - 9 = 2*z, 3*z = 4*z - 5*j. Determine n(z).
-17
Let c(m) = -5*m - 2 - 4 + 4. Let v(q) = -16*q - 5. Let i(n) = 7*c(n) - 2*v(n). Give i(-4).
8
Let o(d) = 5*d - 4. Let l(f) = 4*f - 3. Let n(u) = 6*l(u) - 5*o(u). Determine n(0).
2
Let h(c) be the third derivative of c**8/20160 + c**7/840 + c**6/144 - c**5/15 - c**2. Let p(k) be the third derivative of h(k). Give p(-6).
5
Suppose 17*t - 60 = 7*t. Let a(c) = 2*c**2 - 9*c + 5. Give a(t).
23
Let u(j) be the third derivative of 4*j**2 - 1/6*j**3 + 1/30*j**5 - 1/120*j**6 + 0 + 0*j**4 + 0*j. Suppose 6 = -r + d, d = 6*d - 25. What is u(r)?
2
Let r = 23 - 21. Let d(v) = v + 0*v - 3*v**2 + 6*v**r. Suppose 0 = 7*f - 2*f - 5. Calculate d(f).
4
Let g(x) = 3*x**3 + 2*x**2 + x + 2. Let k(s) = s**2 + s + 1. Let n(b) = g(b) - 2*k(b). Suppose 3 - 2 = -q. What is n(q)?
-2
Let t(i) be the third derivative of i**7/2520 - i**5/10 - 5*i**2. Let v(k) be the third derivative of t(k). Let u = 7 + -11. Give v(u).
-8
Let s(q) = -2 + 0*q**2 - 4*q + 10*q - 7*q + q**2. Calculate s(3).
4
Let x(t) = -t**2 + t - 1. Let b = 6 - 10. Let s be (-10)/(-3) + b/(-6). Calculate x(s).
-13
Suppose 2*s = -1 - 3. Let z be (9/(-6))/1*s. Let m = z - 3. Let h(c) = -c + 4. Calculate h(m).
4
Suppose 0 = -4*i + 4*y - 28 + 12, 2*y = -i + 5. Let j(t) be the second derivative of -t**4/12 + t**3/6 + t**2/2 - 2*t. Calculate j(i).
-1
Let g(s) = s**3 + 2*s**2 - 2. Suppose 4*o - w = 0, 0*o = 5*o + w + 9. Let j be -1*(o + 1 + 2). Give g(j).
-2
Let d(g) = -g**3 + 6*g**2 + 8. Let v be -1*1 - (-250 - 4). Let j be 2/8 - v/(-44). What is d(j)?
8
Let x(h) = -h**3 - 2*h**2 + 2*h + 1. Let k be 12/(-54) + (-7)/9. Let i = 2 + k. Let t be (-24)/(-8) + -7 + i. Determine x(t).
4
Let n(u) = -u + 6. Let k(o) = -2*o + 13. Let m(a) = -4*k(a) + 9*n(a). Let l be m(0). Let f(q) = -q**l + 0*q + 4 + q + 2*q. Calculate f(3).
4
Suppose 9*p = -5*y + 4*p - 75, 0 = 4*y - 4*p + 44. Let d = 9 + y. Let j(c) = -c**3 - 4*c**2 + 3*c + 4. Give j(d).
-8
Let w(s) = -2*s**3 - 8*s**2 - 3*s + 10. Let d(l) = 3*l**3 + 9*l**2 + 4*l - 11. Let g(y) = 3*d(y) + 4*w(y). Calculate g(5).
7
Let f(b) = -b**3 + 5*b**2 - 6*b + 6. Let c(y) = 3*y - 4. Let l be c(5). Suppose l + 9 = 5*x. What is f(x)?
-2
Suppose -2*t = -4*h, -7 = 2*t - 2*h + 5*h. Let f = t - 3. Let q(l) = -l**2 - 7*l - 6. Give q(f).
4
Let q = 3 - 0. L